).
-10
Let i = -183 + 177. Let r(t) = t**2 + 7*t. Let b be r(i). Let a(j) = -j**3 - 7*j**2 - 4*j + 5. Calculate a(b).
-7
Let f(n) = -n**3 - 8*n**2 + 9*n - 4. Suppose 0 = y - h + 10, 26 = -3*y - 3*h + 2*h. Let s be f(y). Let g(z) = 672*z + 5 - 336*z - 330*z. What is g(s)?
-19
Let y(h) = 63*h + 68. Let a(b) = 41*b + 50. Let o(n) = -8*a(n) + 5*y(n). Give o(-4).
-8
Let v(s) = 2*s**2 - 23*s + 31. Let h(j) = 2*j**2 - 22*j + 27. Let g(c) = 6*h(c) - 5*v(c). Calculate g(6).
-23
Let h(b) = 7*b**2 - 10*b + 7. Let j(x) = -x**2 + 2*x - 1. Let v(c) = -h(c) - 6*j(c). Let k(g) = 7*g**2 + 9*g - 5. Let d(u) = k(u) + 5*v(u). Calculate d(3).
5
Let b(g) = -g**3 + g**2 - 66*g - 134. Let q be b(-2). Let n(o) = 2*o - 39. Determine n(q).
-19
Suppose 606 = -82*i - 79*i - 142*i. Let a(l) = 17*l + 15. Give a(i).
-19
Let a(p) = p**2 + 26*p + 61. Let m be a(-23). Let f be 5/20 + 1*10/m. Let s(o) = -6*o + 1. Give s(f).
7
Suppose 2*f + 6030 = -16*f. Let d = f - -330. Let g(r) = -r**2 - 4*r + 8. What is g(d)?
3
Let h(j) be the third derivative of -j**6/144 + j**5/30 - 19*j**4/6 + 12*j**2 + 5*j. Let o(z) be the second derivative of h(z). What is o(2)?
-6
Let z(i) be the first derivative of -27*i**2/2 - 132*i + 6380. What is z(-6)?
30
Let m(u) = 2*u**3 + 13*u**2 + u - 31. Suppose 3*g = -5*c - 8, -86*c = -84*c - 4. Calculate m(g).
-1
Let x = -2933 + 2934. Let n(c) = 8*c**3 + 5*c**2 - 4*c + 2. Calculate n(x).
11
Let g(u) = 5*u - 3. Let a be 8*((-11)/2 - -5). Let s be a + 5 + -18 - (-8)/4. Let r be -1*1 + 20 + s. What is g(r)?
17
Let k = 2 + -3. Let p(h) = -15*h**2 - 4*h**2 - 1 + 6*h**2 + h**2 + 9*h**2 - 8*h**2. What is p(k)?
-12
Let c be (-13)/3 + (-2)/(-6) - -5. Let t(b) = 2*b**2 + 7*b - 1 - 4*b**3 - b**2 - 6*b. Calculate t(c).
-3
Let c(i) = i + 8. Let s(p) = 4*p**2 - 6*p**2 - 38*p + p**2 + 43*p. Let y(g) = g**2 - 11*g + 23. Let k be y(9). Let l be s(k). Calculate c(l).
8
Let q(i) = -i**2 - 22*i - 92. Let j = 11637 + -11653. Calculate q(j).
4
Let h(i) = 3*i + 4 + 2*i - i**2 + 3*i. Suppose 4*b + 7 = 155. Suppose 54*f = b*f + 153. Give h(f).
-5
Let f(w) be the second derivative of w**6/360 + 13*w**5/120 + 47*w**4/6 - 45*w. Let c(q) be the third derivative of f(q). Give c(-5).
3
Let f(c) = c**2 - 3*c + 1. Suppose -3*s + 9 + 3 = 0. Suppose 0 = -i - 3*i + s. Suppose 14 - 3 = o + 2*r, 0 = -5*o + 4*r - i. Calculate f(o).
1
Let m(a) = -28*a. Let g be m(-1). Let i = -481 - -477. Let w be 2/i - g/8. Let d(c) = c**3 + 4*c**2 + c + 3. What is d(w)?
-1
Let p(s) = s - 8. Let y be p(10). Let c(g) = -1223 + 6*g + 1223 + g**y. Let r be (-6 + 1)*(1 + 0). Calculate c(r).
-5
Suppose -1 = 24*j - 25. Let a(l) = 7*l**3 - l**2 - l + 2. Let p be a(j). Let d(m) = -6*m - 1 + 0 + 0*m**2 + m**2 + 0. What is d(p)?
6
Let p(m) be the first derivative of m**2/2 + 13*m + 1229. Let c = 4 - 2. Suppose -2*g - c*l - 32 = 3*g, 0 = -4*g - 4*l - 16. What is p(g)?
5
Let l(w) = 3*w**3 - 26*w**2 - 19*w - 45. Let z(d) = -7*d**3 + 52*d**2 + 36*d + 89. Let v(r) = -9*l(r) - 4*z(r). Give v(-25).
-1
Let o(q) = -q**2 - 8*q - 1. Let p be o(-7). Let a(x) = 1 - 891*x**2 + 1782*x**2 - 8*x - 890*x**2 + 1. Calculate a(p).
-10
Let g(p) = p - 4. Suppose 10 = 5*d - 15, d - 794 = -3*c. Let t = -266 + c. Give g(t).
-7
Let n(k) = -k. Suppose 36*t + 5 = 35*t. Let q(s) = -s**2 - 6*s - 2. Let z be q(t). Suppose c + 5*p - 9 = 0, -c + z*p = -p + 9. What is n(c)?
1
Let g be 11 - (-4 - 77/(-7)). Let w(k) = -k**3 + 4*k**2 - 1. Give w(g).
-1
Let d(v) be the first derivative of -5*v**4 + v - 269 - 1/3*v**3 + 0*v**2. Calculate d(-1).
20
Let y(q) = q**2 + 10*q + 27. Suppose 521*o - 491*o + 270 = 0. What is y(o)?
18
Let u(k) = 97*k - 42. Let i(h) = -61*h + 28. Let d(t) = -8*i(t) - 5*u(t). What is d(-6)?
-32
Let r(j) be the second derivative of 31*j**3/6 - j**2/2 - 10*j. Let x(k) = 63*k - 2. Let u(d) = 5*r(d) - 2*x(d). Suppose -400 = 21*q - 421. Calculate u(q).
28
Let z(u) be the third derivative of -u**6/120 - u**5/10 + 7*u**4/24 + 5*u**3/6 + 5*u**2 + 406*u. Determine z(-7).
5
Let o = 1757 - 1801. Suppose 2*m - 43 = m. Let k = o + m. Let n(f) = 6*f + 1. Determine n(k).
-5
Let r(j) = 7*j + 9 - 30*j**3 - 11 + 4*j**2 + 67*j**3 - 36*j**3. What is r(-5)?
-62
Suppose 0 = 4*o - 178 - 42. Let l = -55 + o. Let g(r) = -17 - 6 + 2 + r**2 - 3*r + 2*r - r**3. What is g(l)?
-21
Let s be (-6 - (-4 + -1))/(2/6). Let a(l) be the second derivative of 3*l**3/2 - l**2 - 238*l - 1. Determine a(s).
-29
Let b(d) = -d**3 - 7*d**2 + 8*d + 6. Let m be b(-8). Suppose -m = -q - 0*q. Let o(t) = -3*t + 8332043 - 4166013 - 4166033. Give o(q).
-21
Suppose -2*u = k + 14, -100*u + 2*k + 10 = -101*u. Let o(f) = -9*f - 8. Give o(u).
46
Let y(u) = 6*u**2 - 50*u + 225. Let g(x) = -x**2 - x - 41. Let o(d) = -4*g(d) - y(d). Give o(26).
-9
Let d be (-1 + 0)*5 - (-15 - 22781/(-2280)). Let o(x) be the third derivative of 1/12*x**4 + 23*x**2 + 1/60*x**5 + d*x**6 + 0 + 1/6*x**3 + 0*x. Determine o(-2).
-7
Let j(r) = -22*r - 12. Let g(v) = 9*v + 5. Let b(o) = -12*g(o) - 5*j(o). Let m = -150 - -146. Calculate b(m).
-8
Let l(y) = -4*y**3 - 82*y + 6*y**3 - 394 - 6*y**3 + 39 + 3*y**3 + 47*y**2. What is l(45)?
5
Let b(o) = 10*o**3 + 4*o**2 + o - 5. Let s be b(1). Let n(v) = v**3 - 12*v**2 + 14*v + 7. Give n(s).
-53
Let q be 0 - (8 + -4)*(-2 + 3). Let v(h) = 5*h**2 - h + 2. Let a(n) = 6*n**2 - 2*n + 2. Let l(s) = q*a(s) + 5*v(s). Suppose 10 - 16 = 2*f. Calculate l(f).
2
Let k(g) = 1 + 70*g - 156*g + 82*g. What is k(3)?
-11
Suppose 6*y = 3*y - s + 50, 2*y + 2*s - 32 = 0. Suppose 0 = -9*r + 19 + y. Suppose 0 = -5*t - 2*j - 2, -6*j - 4 = r*t - 2*j. Let l(p) = p + 1. Calculate l(t).
1
Let f(r) = -2*r**3 - 3*r**2 - 5*r - 4. Suppose 2*s - 26 = -4*h, h + 12 - 36 = -4*s. Suppose 2*b + 2 = 4*y, -4*y + 2*y = -s*b - 21. What is f(y)?
10
Let o(p) = 108*p + 6. Let m(a) = 21*a + 1. Let g(j) = -21*m(j) + 4*o(j). Suppose 5 - 11 = -3*b. What is g(b)?
-15
Let a(o) = 8*o + 6. Let l(h) = -h. Let j(z) = 2*a(z) + 20*l(z). Let v(x) = 3*x - 8. Let f(m) = 2*j(m) + 3*v(m). Give f(-8).
-8
Let h(f) = 11*f - 8. Let v(j) = -667*j + 2671. Let d be v(4). Give h(d).
25
Let l(d) = 37*d + 44*d - 163*d + 40*d + 41*d. Let a = 13 + -16. Determine l(a).
3
Let w(y) = 11*y**2 - 46*y + 5. Let f be w(4). Let r(a) = -a**3 - 2*a**2 + 6*a + 5. Calculate r(f).
-4
Let o(l) be the first derivative of -l**2/2 + 17*l - 2660. Give o(8).
9
Let v(a) = -5*a**3 + 8*a - 678*a**2 + 1353*a**2 + 4*a**3 - 670*a**2 - 10. What is v(4)?
38
Let f(j) be the first derivative of -2*j**2 + 1. Suppose -4*w = -5*s + 18 + 64, 4*s + w - 74 = 0. Let c = s - 19. Calculate f(c).
4
Let l be 3 + (-3 + 1 - -5). Let y(j) = -23*j + j**2 + 8*j - 8 - 7*j**2 + j**3 + 14*j. Calculate y(l).
-14
Let b(n) = 4*n - 2 - 3048*n**2 + 1497*n**2 + 1530*n**2. Calculate b(2).
-78
Let j(f) = f**3 + 5*f**2 - 5*f + 5. Let x be -1 + -3*20/12. Let s(n) = -9*n - 19. Let b be s(x). Suppose 5*k + 5*o + b = 0, 7*o + 4 = 3*o. What is j(k)?
-1
Suppose 0 = 37*x - 42*x - 50. Let g be (6/4)/(5/x). Let w be -15*((-12)/(-108))/((-1)/g). Let y(h) = -h. Calculate y(w).
5
Let k(h) = -2*h**3 + 236*h**2 + 3*h - 32. Let s(m) = -2*m**3 + 309*m**2 + 4*m - 33. Let y(a) = 5*k(a) - 4*s(a). Give y(-28).
0
Let z(w) be the third derivative of w**5/60 - w**4/2 - 7*w**3/2 - 159*w**2. What is z(13)?
-8
Let t(k) = 4*k - 20. Let v(n) = 4*n - 19. Let y(u) = 6*t(u) - 5*v(u). Let j be y(7). Let d(p) = 2 - p**j - 1 - p + 0. Give d(1).
-1
Let k(h) = 17*h**3 - 16*h**2 + 31*h - 26. Let b(x) = -10*x**3 + 10*x**2 - 18*x + 15. Let d(a) = 12*b(a) + 7*k(a). Determine d(8).
6
Suppose -z - 4*z - 15 = 0. Let r(x) be the third derivative of -x**4/12 - x**3/6 - 259*x**2. Give r(z).
5
Let g(x) = x**2 + 5*x - 18. Let h = -19997 + 19989. What is g(h)?
6
Suppose -72*t - 53*t + 52 = -138*t. Let c(d) = -d**3 - 5*d**2 - 5*d - 14. Determine c(t).
-10
Let t(j) be the second derivative of j**5/10 + j**4/4 - j**3/2 - j**2 - 10*j. Suppose -72*b - 60 = 156. Determine t(b).
-20
Let y(x) be the third derivative of 0 + 0*x + 1/3*x**3 + 65*x**2 + 1/30*x**5 + 3/8*x**4. Give y(-6).
20
Let m(v) = v**2 + 4*v - 12. Let f be m(2). Let h(w) = 30*w + 3. Let k be h(f). Let s(t) = t**3 - 3*t**2 - 3*t + 4. What is s(k)?
-5
Let l = 423 - 606. Let a = l + 170. Let z(o) = -o**3 - 13*o**2 - o - 7. Calculate z(a).
6
Suppose 2102 = 14*r + 2158. Let c(m) = m. Let t be c(1). Let k 